ivide 4996862?
False
Does 1039 divide 600542?
True
Does 79 divide 170598?
False
Is 148 a factor of 248344?
True
Is 29 a factor of 198186?
True
Is 1911459 a multiple of 64?
False
Is 29400 a multiple of 100?
True
Is 1438542 a multiple of 686?
True
Does 6 divide 1797338?
False
Is 16953 a multiple of 3?
True
Does 37 divide 671920?
True
Is 38 a factor of 30244?
False
Is 85 a factor of 345100?
True
Is 204 a factor of 400009?
False
Does 53 divide 265326?
False
Is 768102 a multiple of 409?
True
Is 22 a factor of 1027224?
True
Is 5 a factor of 1232617?
False
Is 506418 a multiple of 22?
True
Is 49 a factor of 3616200?
True
Is 976 a factor of 23474182?
False
Is 1179728 a multiple of 8?
True
Is 15327 a multiple of 7?
False
Is 117752 a multiple of 82?
True
Is 181252 a multiple of 26?
False
Is 16 a factor of 1034885?
False
Does 1768 divide 1494230?
False
Does 3 divide 245067?
True
Does 381 divide 18195417?
True
Is 958483 a multiple of 382?
False
Does 4 divide 18028?
True
Is 79823 a multiple of 40?
False
Is 7836249 a multiple of 440?
False
Is 166627 a multiple of 41?
False
Is 4 a factor of 3480?
True
Does 10 divide 23560?
True
Does 260 divide 296400?
True
Is 35 a factor of 2524539?
False
Is 12 a factor of 988236?
True
Does 244 divide 1544764?
True
Is 650754 a multiple of 13?
True
Is 93 a factor of 4916956?
False
Is 672 a factor of 715203?
False
Is 11 a factor of 532066?
False
Is 773 a factor of 396006?
False
Does 13 divide 4324775?
True
Does 19 divide 3666107?
True
Does 62 divide 217141?
False
Is 946944 a multiple of 9?
True
Does 14 divide 191437?
False
Does 190 divide 81700?
True
Is 48071 a multiple of 28?
False
Is 546 a factor of 3409770?
True
Is 151 a factor of 2523210?
True
Is 16511 a multiple of 3?
False
Is 38 a factor of 153140?
True
Is 321402 a multiple of 46?
True
Is 81 a factor of 117612?
True
Does 159 divide 1452465?
True
Is 152 a factor of 5931990?
False
Is 1218787 a multiple of 236?
False
Is 111 a factor of 287046?
True
Does 231 divide 697538?
False
Is 28 a factor of 346136?
True
Is 48 a factor of 3504?
True
Is 134294 a multiple of 219?
False
Is 701918 a multiple of 44?
False
Is 342307 a multiple of 19?
False
Does 225 divide 24848?
False
Is 44 a factor of 1866260?
True
Does 433 divide 527394?
True
Is 3245672 a multiple of 253?
False
Is 777380 a multiple of 235?
True
Is 256866 a multiple of 186?
True
Is 941456 a multiple of 97?
False
Is 32 a factor of 45732?
False
Is 91 a factor of 1317589?
True
Is 377 a multiple of 13?
True
Is 1417 a factor of 16537130?
False
Does 25 divide 96746?
False
Is 208635 a multiple of 111?
False
Is 20730 a multiple of 21?
False
Does 4 divide 32365?
False
Does 95 divide 13379135?
True
Is 2 a factor of 709009?
False
Does 10 divide 13191352?
False
Is 9414 a multiple of 2?
True
Is 193 a factor of 12457470?
False
Does 166 divide 610880?
True
Is 371 a factor of 1913247?
True
Is 28 a factor of 40264?
True
Does 49 divide 183995?
True
Is 492940 a multiple of 196?
True
Does 4 divide 12110?
False
Is 48 a factor of 135456?
True
Is 65513 a multiple of 583?
False
Does 1086 divide 6469302?
True
Is 83 a factor of 188908?
True
Does 49 divide 342316?
False
Is 606 a factor of 3765373?
False
Is 36155 a multiple of 2?
False
Does 324 divide 97524?
True
Is 17 a factor of 1686368?
False
Is 68 a factor of 133351?
False
Is 46 a factor of 1332206?
True
Is 193 a factor of 10953715?
True
Is 21 a factor of 371629?
False
Does 2 divide 1032023?
False
Is 35 a factor of 11670085?
True
Is 708526 a multiple of 14?
True
Is 914964 a multiple of 302?
False
Is 2 a factor of 21741?
False
Is 20 a factor of 99219?
False
Does 208 divide 48048?
True
Does 4 divide 998436?
True
Is 108 a factor of 468180?
True
Does 17 divide 2462475?
False
Is 80 a factor of 139155?
False
Is 152 a factor of 622951?
False
Is 61652 a multiple of 14?
False
Does 170 divide 47090?
True
Is 9 a factor of 20860015?
False
Is 53 a factor of 156719?
False
Is 579 a factor of 17431480?
False
Is 5 a factor of 9759?
False
Is 42 a factor of 1250103?
False
Is 110 a factor of 1091771?
False
Is 6597632 a multiple of 128?
True
Does 144 divide 210096?
True
Is 1344227 a multiple of 219?
False
Is 23 a factor of 159183?
True
Is 3255599 a multiple of 20?
False
Is 15 a factor of 26573?
False
Does 1117 divide 11909485?
False
Is 1191786 a multiple of 139?
True
Is 735396 a multiple of 12?
True
Is 2394960 a multiple of 340?
True
Does 258 divide 159186?
True
Is 382976 a multiple of 352?
True
Is 15968549 a multiple of 16?
False
Is 11 a factor of 634992?
False
Does 45 divide 156195?
True
Is 7 a factor of 154543?
False
Is 569473 a multiple of 549?
False
Is 1298231 a multiple of 136?
False
Is 126866 a multiple of 22?
False
Does 460 divide 1564920?
True
Is 1752564 a multiple of 71?
True
Is 1490701 a multiple of 929?
False
Is 153 a factor of 2843424?
False
Is 29 a factor of 395705?
True
Is 523187 a multiple of 9?
False
Is 19539 a multiple of 155?
False
Is 204524 a multiple of 12?
False
Is 224752 a multiple of 44?
True
Is 138248 a multiple of 44?
True
Does 145 divide 309162?
False
Does 70 divide 101850?
True
Does 52 divide 81640?
True
Does 44 divide 504197?
False
Does 19 divide 37783149?
False
Does 166 divide 3410802?
True
Is 1863912 a multiple of 12?
True
Is 6007547 a multiple of 13?
True
Does 133 divide 265665?
False
Is 11 a factor of 1216390?
False
Is 137 a factor of 3196895?
True
Does 598 divide 198536?
True
Is 193560 a multiple of 30?
True
Is 12 a factor of 482868?
True
Is 21 a factor of 12865?
False
Is 1257060 a multiple of 219?
True
Is 484194 a multiple of 170?
False
Is 8 a factor of 12065808?
True
Is 23 a factor of 538121?
False
Is 11 a factor of 224572?
False
Is 23 a factor of 142206?
False
Is 4 a factor of 102724?
True
Is 13732776 a multiple of 8?
True
Does 5 divide 946675?
True
Is 2 a factor of 354025?
False
Is 205 a factor of 761575?
True
Does 85 divide 64412?
False
Is 82 a factor of 201884?
True
Does 27 divide 740976?
False
Does 18 divide 893929?
False
Is 1305685 a multiple of 37?
False
Is 3979 a multiple of 29?
False
Is 4140737 a multiple of 611?
False
Does 149 divide 51107?
True
Does 92 divide 97726?
False
Does 3 divide 10641?
True
Is 227224 a multiple of 8?
True
Does 45 divide 428625?
True
Is 28 a factor of 184782?
False
Does 2 divide 84169?
False
Is 5643727 a multiple of 228?
False
Is 4638907 a multiple of 10?
False
Is 1088264 a multiple of 73?
False
Does 121 divide 424468?
True
Is 15527828 a multiple of 309?
False
Does 68 divide 644770?
False
Is 130 a factor of 286780?
True
Is 3482167 a multiple of 810?
False
Does 379 divide 3239692?
True
Is 83 a factor of 1306752?
True
Is 400346 a multiple of 3?
False
Is 14 a factor of 2466?
False
Does 117 divide 449217?
False
Is 9685943 a multiple of 1010?
False
Is 49 a factor of 1879584?
False
Is 6 a factor of 7897?
False
Is 3046 a factor of 11325028?
True
Is 140 a factor of 83492?
False
Is 4569691 a multiple of 1086?
False
Is 3745992 a multiple of 381?
True
Is 38 a factor of 1848649?
False
Does 36 divide 2671848?
True
Is 12 a factor of 455796?
True
Is 36445 a multiple of 197?
True
Does 7 divide 2695259?
True
Is 257312 a multiple of 352?
True
Is 37 a factor of 1282531?
True
Does 145 divide 78735?
True
Does 209 divide 101399?
False
Is 162724 a multiple of 41?
False
Does 14 divide 230454?
True
Is 13 a factor of 190424?
True
Is 997 a factor of 502097?
False
Is 106 a factor of 3147352?
True
Is 1726837 a multiple of 193?
False
Is 933981 a multiple of 104?
False
Is 47958 a multiple of 70?
False
Is 35 a factor of 82506?
False
Does 194 divide 202010?
False
Is 139438 a multiple of 13?
True
Is 2158 a multiple of 136?
False
Is 175 a factor of 4159915?
False
Does 8 divide 523195?
False
Is 2109240 a multiple of 27?
True
Does 40 divide 317960?
True
Is 308 a factor of 462308?
True
Does 10 divide 995830?
True
Does 23 divide 1104690?
True
Is 63586 a multiple of 30?
False
Is 19 a factor of 914920?
False
Is 2077293 a multiple of 4?
False
Does 16 divide 70087?
False
Does 775 divide 11617500?
False
Is 16 a factor of 44784?
True
Does 560 divide 1411200?
True
Is 106 a factor of 520248?
True
Is 3861581 a multiple of 4?
False
Does 50 divide 34400?
True
Is 455 a factor of 947218?
False
Is 16 a factor of 876316?
False
Is 19 a factor of 247798?
True
Does 65 divide 19142825?
True
Is 1045160 a